*o - 215027. Is y a composite number?
False
Let v = 45749 + -11296. Suppose -p = 3*b - v, 3*p = 3*b + p - 34459. Is b composite?
True
Suppose -4 = 5*u - 14. Suppose 0 = -i + 3*i - u*p - 2, -3*p = -2*i. Suppose i*k - 1201 = -322. Is k prime?
True
Let u(c) = c**3 - 10*c**2 - 3*c - 1. Let k be u(16). Suppose -3*g - k = -b, -9 = -5*g + 11. Is b a composite number?
False
Let g(k) = -2*k - 42. Let y be g(-22). Suppose -3*m - 2*w = 1 - y, 5*m = -5*w - 5. Suppose 3*r + 1068 = 3*a, -2*a - 2*r = m*r - 705. Is a composite?
True
Let i(j) = 16*j**2 - 7*j - 82. Let l(r) = -5*r**2 + r. Let t(c) = -i(c) - 4*l(c). Is t(-15) a composite number?
False
Suppose -618*r + 606*r + 1524 = 0. Is r a composite number?
False
Suppose -26*h + 13967037 + 30019841 = 0. Is h a composite number?
False
Let b = -3205 - -5940. Suppose -30010 = -15*t + b. Is t composite?
True
Let c be -1 + 15/13 - 88825448/(-1963). Suppose -2*a - 4*r = -22614, 5*a - 3*r = a + c. Is a a prime number?
True
Let c(k) = 17*k**3 - 7*k**2 - 3*k - 14. Let w be c(8). Suppose -41*p + 27*p + w = 0. Is p a composite number?
False
Let n be -58*(6 + (-33)/6). Let z(x) = 5*x**2 + 70*x + 59. Is z(n) prime?
False
Let p(n) = -4*n + 92. Let l be p(22). Suppose 1911 + 8599 = 5*h + 5*x, -6309 = -3*h - l*x. Is h composite?
False
Let x(j) = 13126*j**3 + j**2 - 12*j + 16. Is x(3) a composite number?
False
Let y(x) = 2*x**3 - 7*x**2 + 13*x + 14. Let f be y(-11). Let m = -2421 - f. Is m a prime number?
True
Let n be ((-12)/(-4 + 8))/((-3)/905). Suppose -8*b + n = -831. Is b a prime number?
False
Suppose 111472 = 3*a + 5*n, -6*n - 74320 = -2*a - 8*n. Suppose -3*t = -3*q - 27867, -12*t = -8*t - 2*q - a. Is t a composite number?
False
Let f = 8 + -5. Let h = -347 - -356. Suppose f*o + 5826 = h*o. Is o composite?
False
Suppose -12*g + 14*g - 135044 = -2*a, 0 = 5*g - 15. Is a composite?
True
Let v(n) = -n**2 + 10*n + 264. Let m be v(-12). Suppose 38*g - 50733 - 31081 = m. Is g a prime number?
True
Let o be ((-735)/(-525))/(2/1070). Let k = o + -592. Is k a composite number?
False
Let k = 117183 - -61834. Is k a composite number?
True
Let i(j) = 195 + 280*j - 340 + 172. Is i(10) a composite number?
True
Suppose -1390536 = -25*r - 7261. Is r prime?
True
Let y(p) = 6516*p**2 - 25*p - 8. Is y(5) composite?
True
Suppose -3*g + 0*k + 3 = 3*k, -3*g + 4*k = -24. Suppose b = -w + 2, 16 = g*w + 2*b - 0*b. Suppose -w*n + 2*n = -804. Is n composite?
True
Let f(d) = d**2 - 3*d - 7. Let y be f(4). Let r be (-7 - y) + 8 - 2. Is (1 - r)*4/(-4) + 690 composite?
False
Suppose 4*g - 3*r + 26424 = 71108, 44684 = 4*g - 5*r. Is g composite?
False
Is (-6)/4 - ((-300217)/2 - 2) a prime number?
False
Suppose -7*l + 10*l - 2*d = -733, 4*d = 3*l + 743. Let b = 1050 + l. Is b composite?
False
Suppose 1325797 = 102*n - 91*n. Is n a prime number?
False
Suppose -14*x + 24995 = -9*x. Suppose 1358 - x = -g. Is g a prime number?
False
Suppose -6*h = 2*h - 267422 - 3050314. Is h a composite number?
True
Suppose -2*z - 5*p + 9088 = -23976, 4*p = -z + 16523. Is z a composite number?
False
Is 102394 + 4*(-21)/(-28) a prime number?
True
Let l(v) = v**2 + v - 2. Let j be l(2). Let x be (j/(-3))/((-5)/(810/(-12))). Let d(w) = w**3 + 21*w**2 + 15*w + 37. Is d(x) a composite number?
False
Let n(w) = 458*w**3 - 12*w**2 + 13*w + 184. Is n(7) a prime number?
True
Suppose 4*h + 934475 = 3*u, -11*h + 13*h = 4*u - 1245990. Is u a composite number?
True
Suppose 0 = 21*v - 25*v + 1796. Suppose 2104 - v = k. Is k a prime number?
False
Let c = -188 - -210. Suppose 16940 = c*r - 30426. Is r a prime number?
True
Let t(k) = -27*k + 4. Let m(p) = 6*p + 33. Let z be m(-6). Is t(z) a composite number?
True
Let b(x) = -303*x**2 + x - 9. Let t be b(4). Let z = -14845 - -6429. Let k = t - z. Is k a prime number?
False
Is -2*((675/(-30))/(-9) - 15974*7) a composite number?
True
Is (4 + 216118)*1/2 composite?
False
Let i(c) = -189*c - 244. Let h be i(-6). Let p = 73 + -316. Let d = h + p. Is d prime?
True
Let j = 535 + -530. Suppose -5*l + 2*q - 418 = -2027, 0 = -4*l + j*q + 1294. Is l composite?
True
Is (-209742)/(-3) + (31/(-11) - 102/561) a composite number?
False
Let a(l) = -l - 15. Let n(t) = -2*t - 46. Let d(r) = -8*a(r) + 3*n(r). Let p be d(9). Suppose p = 5*i + 4*b - 507, -523 = -5*i - 0*b + 4*b. Is i a prime number?
True
Let q(i) = 2*i**2 + 31 - i**2 - 7*i + 0*i**2 + 555*i**3 - 503*i**3 + 0*i. Is q(5) composite?
False
Is 0 + -9 + -16 + (-299)/(-13) + 746331 a prime number?
True
Let g(t) = 15*t**2 + 46*t - 8. Let w be g(-4). Suppose 55*o - w*o = 245161. Is o a prime number?
True
Let j = 57674 - 24105. Is j a prime number?
True
Let z be -2 + 6 - (-280 - 2). Suppose 0 = -4*t - 3*y - 58 + 444, 4*y = -3*t + z. Let r = -13 + t. Is r composite?
True
Suppose -3*f + 5*h = f + 705, -3*f = 3*h + 522. Let d = 296 + f. Suppose 6*l = 197 + d. Is l a composite number?
False
Let j(k) = -391*k - 6. Let r be ((-15)/(-6))/(2/(-4)). Is j(r) a prime number?
True
Suppose -11*x + 10*x = -5*n - 89668, 5*n = -3*x + 268984. Is x a prime number?
False
Suppose -31*r - 303*r + 30237615 = -5613611. Is r a composite number?
False
Let w(b) = b**2 + 13*b + 38. Let m be w(-9). Is ((-7)/14)/(m/(-2692)) composite?
False
Suppose -8142 = -6*k + 12642. Suppose -3*v - 2*l = -35313, 3*v - 38777 = 3*l - k. Is v a composite number?
True
Suppose 9075 + 3877 = -4*i. Let a = -2265 - i. Is 0 + (a + -1 - -1) prime?
False
Let y(f) = 3*f**2 + 36*f - 2. Let u be (3/(-2) + 1)*(53 - -1). Is y(u) a prime number?
True
Let o be 7037 - ((-16)/24)/((-4)/(-18)). Let k = -3789 + o. Is k prime?
True
Let o = -52940 + 195771. Is o prime?
False
Suppose 35 - 32 = 3*z. Is (-4 + (3 - -1) - z)*-1961 composite?
True
Let f = -365121 + 725264. Is f a composite number?
True
Is (89172 - 17) + (-2 - 0) + (-4 - -4) composite?
False
Let r(u) = -2*u**3 + 174*u**2 + 27*u - 282. Is r(59) a prime number?
True
Suppose 1073 = -2*c - 4*d + 8699, 7624 = 2*c + 3*d. Is c prime?
False
Let u be ((-17952)/(-18))/8 - 2/3. Let w = u - 1. Is w composite?
True
Is (10/(-3))/(316376/31638 + -10) prime?
False
Let g = 1520896 + -1016985. Is g a prime number?
True
Let h(v) = -6*v**2 - 223*v - 2*v**3 - 230*v + 446*v + 10. Is h(-7) a composite number?
True
Let u(s) = -1241*s**3 - 6*s**2 + 91*s + 535. Is u(-6) prime?
True
Is 4*51922 + -51 + 34 a prime number?
True
Let y be (74/925 + (-27)/25)*-1318. Let v(m) = m**3 - m + 2259. Let c be v(0). Let u = c - y. Is u composite?
False
Suppose 10*i = -1955 - 2795. Let w = 2460 - i. Is w a prime number?
False
Let z = 18 - 15. Let d = 1 + z. Suppose 4*p = s - 5*s + 6940, -d*s + 6940 = 3*p. Is s a prime number?
False
Let b(p) = -117*p**2 - 5*p + 41. Let g be b(13). Is ((-68)/(-6) - 12)*g/2 a composite number?
False
Let t be 1 + ((-1)/((-1)/(-4)) - -3). Let q(k) = 3 - 14*k**2 + 2*k + 38*k**2 + 53*k**2 + t*k**2. Is q(-2) composite?
False
Let y(q) = 109*q + 48. Let u = -123 - -140. Is y(u) prime?
True
Let l(u) be the first derivative of 8685*u**2/2 - 37*u - 93. Is l(2) a prime number?
True
Let a be 10/(4/8*1). Suppose -4*z + a = z. Suppose 9*k = z*k + 4505. Is k a composite number?
True
Suppose 3*b + 5*t - 782891 = 0, 6*b = -3*t + 1954883 - 389045. Is b composite?
True
Let u(q) be the first derivative of q**3/6 + 3*q**2/2 + 6*q + 6. Let l(f) be the first derivative of u(f). Is l(7) composite?
True
Is (-916298)/(-3)*(1800/48 - 36) prime?
False
Suppose -2*u = 2*y - 6528, -5*u - 9800 = -1326*y + 1323*y. Is y a composite number?
True
Suppose 5*y - 3*w + 7*w - 45 = 0, 3*w - 40 = -5*y. Suppose -3*n + 4*c = y*c - 91012, -n - 5*c + 30342 = 0. Is n a prime number?
False
Let h = -209570 + 443919. Is h composite?
True
Suppose c = 2*c + 4*c. Suppose -t + 2*x + 13 = c, t + 2*x - 11 = 3*x. Suppose -t*p + 4*p + 3935 = 0. Is p composite?
False
Let k be (-3)/((-4)/(-1798980)*-9). Suppose 20*v - 15*v = k. Is v a prime number?
True
Suppose 0 = -14*m + 10*m - h + 1566551, 3*m - 6*h = 1174947. Is m prime?
True
Is 214159 + (4 - (-5 + 14) - -3) a prime number?
False
Let t(z) be the second derivative of -49*z**4/12 + 7*z**2 - 21*z. Let m be t(-7). Let r = m - -4636. Is r prime?
False
Suppose 3*i - 96670 - 71583 = -4*u, -5*i = -4*u + 168229. Is u composite?
False
Let m be (310*2)/(12/(-30)). Let p = -84 - m. Is p composite?
True
Let h(o) = -2*o - 18. Let n be h(10